{"id":25691,"date":"2026-03-09T13:48:06","date_gmt":"2026-03-09T13:48:06","guid":{"rendered":"https:\/\/combactive.fr\/?page_id=25691"},"modified":"2026-03-09T14:59:16","modified_gmt":"2026-03-09T14:59:16","slug":"histoire","status":"publish","type":"page","link":"https:\/\/combactive.fr\/?page_id=25691","title":{"rendered":"Histoire"},"content":{"rendered":"\n<div class=\"wp-block-group alignwide is-layout-constrained wp-block-group-is-layout-constrained\">\n<h2 class=\"wp-block-heading stabilo--green\">Notre histoire&#8230;<\/h2>\n\n\n\n<p><\/p>\n\n\n\n<p><\/p>\n\n\n\n<p>Cr\u00e9\u00e9e en 2008, Combactive est une&nbsp;<strong>association \u00e0 but non lucratif<\/strong>&nbsp;de loi 1901, bas\u00e9e \u00e0 Dijon et \u00e0 rayonnement r\u00e9gional, en Bourgogne et Franche-Comt\u00e9. Nous sommes une association dont le mouvement est fait de&nbsp;<strong>gens convaincus<\/strong>&nbsp;qui vivent et travaillent de concert \u00e0&nbsp;<strong>r\u00e9aliser un id\u00e9al<\/strong>, avec une vision coh\u00e9rente d\u2019un monde de compassion, de sant\u00e9, de dignit\u00e9 pour notre plan\u00e8te et pour toutes les cr\u00e9atures sensibles sans exception, sans discriminations d\u2019esp\u00e8ces.<\/p>\n\n\n\n<p>Nous mettons un point d\u2019honneur \u00e0 avoir l\u2019esprit et le courage de parler honn\u00eatement et sans ambigu\u00eft\u00e9 de la condition animale et de l\u2019environnement et tendre \u00e0 l\u2019 \u00ab humanisation \u00bb de ce monde et au v\u00e9g\u00e9talisme qui est l\u2019espoir du futur. Notre but est d\u2019informer, \u00e9duquer, \u00ab alimenter \u00bb, soutenir, s\u2019engager \u00e0&#8230;&nbsp;<strong>respecter la vie sous toutes ses formes.<\/strong><\/p>\n\n\n\n<h3 class=\"wp-block-heading\">Nous informons et sensibilisons le public<\/h3>\n\n\n\n<p>Nous menons des actions pr\u00e9ventives et pacifiques dans le but d\u2019<strong>informer et sensibiliser le public \u00e0 l\u2019exploitation animale<\/strong>. Stands informatifs, tractages, conf\u00e9rences-d\u00e9bats, vid\u00e9oprojections ou encore concerts : venez nous y rencontrer !<\/p>\n\n\n\n<p>Notre objectif est aussi d\u2019<strong>aider le public \u00e0 modifier ses comportements<\/strong>&nbsp;en proposant des m\u00e9thodes alternatives \u00e0 l\u2019exploitation animale que nous transmettons via le&nbsp;<a href=\"https:\/\/www.instagram.com\/combactive\/?hl=fr\" target=\"_blank\" rel=\"noreferrer noopener\">le partage sur les r\u00e9seaux sociaux<\/a>, la vente de produits respectueux des animaux sur notre boutique, ou encore la&nbsp;<a href=\"https:\/\/boutique.combactive.fr\/content\/6-repas-alternatifs-sur-dijon-et-alentours\">la livraison de repas alternatifs<\/a>&nbsp;sur Dijon et alentours.<\/p>\n\n\n\n<div style=\"height:46px\" aria-hidden=\"true\" class=\"wp-block-spacer\"><\/div>\n\n\n\n<figure class=\"wp-block-image\"><img decoding=\"async\" src=\"https:\/\/shop.combactive.fr\/img\/cms\/Pages\/a-propos-combactive.jpg\" alt=\"Photographie de l'association Combactive et de sympathisants\"\/><\/figure>\n\n\n\n<div style=\"height:46px\" aria-hidden=\"true\" class=\"wp-block-spacer\"><\/div>\n\n\n\n<p><\/p>\n\n\n\n<h3 class=\"wp-block-heading\">Nous d\u00e9pendons enti\u00e8rement de vous<\/h3>\n\n\n\n<p>L\u2019efficacit\u00e9 de notre action d\u00e9pend enti\u00e8rement de&nbsp;<strong>votre participation<\/strong>&nbsp;par le biais des dons, des adh\u00e9sions et, accessoirement, de la vente de produits en lien avec notre objet social. Ainsi, outre une forme de sensibilisation de la population, l\u2019ensemble des produits offerts \u00e0 la vente sur le pr\u00e9sent site sont destin\u00e9s&nbsp;<strong>en totalit\u00e9 \u00e0 permettre le financement de notre activit\u00e9 principale<\/strong>, la poursuite et l\u2019accomplissement de nos actions en faveur de la protection des animaux et de la nature.<\/p>\n\n\n\n<p><\/p>\n<\/div>\n","protected":false},"excerpt":{"rendered":"<p>Notre histoire&#8230; Cr\u00e9\u00e9e en 2008, Combactive est une&nbsp;association \u00e0 but non lucratif&nbsp;de loi 1901, bas\u00e9e \u00e0 Dijon et \u00e0 rayonnement r\u00e9gional, en Bourgogne et Franche-Comt\u00e9. Nous sommes une association dont le mouvement est fait de&nbsp;gens convaincus&nbsp;qui vivent et travaillent de concert \u00e0&nbsp;r\u00e9aliser un id\u00e9al, avec une vision coh\u00e9rente d\u2019un monde de compassion, de sant\u00e9, de<a class=\"wp-block-latest-posts__read-more\" href=\"https:\/\/combactive.fr\/?page_id=25691\"> Voir plus +<\/a><\/p>\n","protected":false},"author":1,"featured_media":22204,"parent":0,"menu_order":0,"comment_status":"closed","ping_status":"closed","template":"","meta":{"_acf_changed":false,"footnotes":""},"class_list":["post-25691","page","type-page","status-publish","has-post-thumbnail","hentry"],"acf":[],"_links":{"self":[{"href":"https:\/\/combactive.fr\/index.php?rest_route=\/wp\/v2\/pages\/25691","targetHints":{"allow":["GET"]}}],"collection":[{"href":"https:\/\/combactive.fr\/index.php?rest_route=\/wp\/v2\/pages"}],"about":[{"href":"https:\/\/combactive.fr\/index.php?rest_route=\/wp\/v2\/types\/page"}],"author":[{"embeddable":true,"href":"https:\/\/combactive.fr\/index.php?rest_route=\/wp\/v2\/users\/1"}],"replies":[{"embeddable":true,"href":"https:\/\/combactive.fr\/index.php?rest_route=%2Fwp%2Fv2%2Fcomments&post=25691"}],"version-history":[{"count":9,"href":"https:\/\/combactive.fr\/index.php?rest_route=\/wp\/v2\/pages\/25691\/revisions"}],"predecessor-version":[{"id":25715,"href":"https:\/\/combactive.fr\/index.php?rest_route=\/wp\/v2\/pages\/25691\/revisions\/25715"}],"wp:featuredmedia":[{"embeddable":true,"href":"https:\/\/combactive.fr\/index.php?rest_route=\/wp\/v2\/media\/22204"}],"wp:attachment":[{"href":"https:\/\/combactive.fr\/index.php?rest_route=%2Fwp%2Fv2%2Fmedia&parent=25691"}],"curies":[{"name":"wp","href":"https:\/\/api.w.org\/{rel}","templated":true}]}}

<div class="wp-block-group alignwide is-layout-constrained wp-block-group-is-layout-constrained">
<h2 class="wp-block-heading stabilo--green">Notre histoire&#8230;</h2>



<p></p>



<p></p>



<p>Créée en 2008, Combactive est une&nbsp;<strong>association à but non lucratif</strong>&nbsp;de loi 1901, basée à Dijon et à rayonnement régional, en Bourgogne et Franche-Comté. Nous sommes une association dont le mouvement est fait de&nbsp;<strong>gens convaincus</strong>&nbsp;qui vivent et travaillent de concert à&nbsp;<strong>réaliser un idéal</strong>, avec une vision cohérente d’un monde de compassion, de santé, de dignité pour notre planète et pour toutes les créatures sensibles sans exception, sans discriminations d’espèces.</p>



<p>Nous mettons un point d’honneur à avoir l’esprit et le courage de parler honnêtement et sans ambiguïté de la condition animale et de l’environnement et tendre à l’ « humanisation » de ce monde et au végétalisme qui est l’espoir du futur. Notre but est d’informer, éduquer, « alimenter », soutenir, s’engager à&#8230;&nbsp;<strong>respecter la vie sous toutes ses formes.</strong></p>



<h3 class="wp-block-heading">Nous informons et sensibilisons le public</h3>



<p>Nous menons des actions préventives et pacifiques dans le but d’<strong>informer et sensibiliser le public à l’exploitation animale</strong>. Stands informatifs, tractages, conférences-débats, vidéoprojections ou encore concerts : venez nous y rencontrer !</p>



<p>Notre objectif est aussi d’<strong>aider le public à modifier ses comportements</strong>&nbsp;en proposant des méthodes alternatives à l’exploitation animale que nous transmettons via le&nbsp;<a href="https://www.instagram.com/combactive/?hl=fr" target="_blank" rel="noreferrer noopener">le partage sur les réseaux sociaux</a>, la vente de produits respectueux des animaux sur notre boutique, ou encore la&nbsp;<a href="https://boutique.combactive.fr/content/6-repas-alternatifs-sur-dijon-et-alentours">la livraison de repas alternatifs</a>&nbsp;sur Dijon et alentours.</p>



<div style="height:46px" aria-hidden="true" class="wp-block-spacer"></div>



<figure class="wp-block-image"><img decoding="async" src="https://shop.combactive.fr/img/cms/Pages/a-propos-combactive.jpg" alt="Photographie de l'association Combactive et de sympathisants"/></figure>



<div style="height:46px" aria-hidden="true" class="wp-block-spacer"></div>



<p></p>



<h3 class="wp-block-heading">Nous dépendons entièrement de vous</h3>



<p>L’efficacité de notre action dépend entièrement de&nbsp;<strong>votre participation</strong>&nbsp;par le biais des dons, des adhésions et, accessoirement, de la vente de produits en lien avec notre objet social. Ainsi, outre une forme de sensibilisation de la population, l’ensemble des produits offerts à la vente sur le présent site sont destinés&nbsp;<strong>en totalité à permettre le financement de notre activité principale</strong>, la poursuite et l’accomplissement de nos actions en faveur de la protection des animaux et de la nature.</p>



<p></p>
</div>

<p>Notre histoire&#8230; Créée en 2008, Combactive est une&nbsp;association à but non lucratif&nbsp;de loi 1901, basée à Dijon et à rayonnement régional, en Bourgogne et Franche-Comté. Nous sommes une association dont le mouvement est fait de&nbsp;gens convaincus&nbsp;qui vivent et travaillent de concert à&nbsp;réaliser un idéal, avec une vision cohérente d’un monde de compassion, de santé, de<a class="wp-block-latest-posts__read-more" href="https://combactive.fr/?page_id=25691"> Voir plus +</a></p>
